17
Let d(n) = 5*n - 40. What is d(9)?
5
Let j(v) = -2*v**2 - 8*v - 4. Determine j(-6).
-28
Let v(q) = 9*q - 37. What is v(5)?
8
Let h(q) = q - 13. Give h(4).
-9
Let h(m) = 19*m - 132. Calculate h(8).
20
Let s(q) = -3*q**2 + 35*q - 17. Calculate s(12).
-29
Let q(l) = -5*l + 83. Give q(17).
-2
Let v(a) = a**2 + 10*a + 25. Give v(-10).
25
Let t(n) = 3*n**2 - 15*n - 10. Give t(7).
32
Let t(d) = 4*d - 10. Determine t(4).
6
Let p(z) = -9*z**2 + 38*z - 2. Determine p(4).
6
Let u(g) = -2*g**2 + g + 7. Calculate u(-2).
-3
Let q(w) = -7*w**3 + w**2 - 1. Give q(1).
-7
Let g(t) = t**3 + 6*t**2 - 17*t - 6. Determine g(-8).
2
Let v(o) = -6*o - 10. Give v(-11).
56
Let v(b) = 57*b + 110. Determine v(-2).
-4
Let t(i) = -i**2 - 5*i - 38. Calculate t(-5).
-38
Let r(j) = j**2 - 13*j + 6. What is r(10)?
-24
Let i(c) = -c**2 - c + 26. Give i(6).
-16
Let q(o) = 5*o - 1. Calculate q(-7).
-36
Let p(w) = -w**2 + 10*w - 10. What is p(7)?
11
Let h(b) = -b**3 - 6*b**2 - 3*b + 16. Give h(-5).
6
Let w(t) = t**3 + 6*t**2 - 19*t - 19. What is w(-8)?
5
Let m(u) = -4*u**2 + 44*u + 2. Calculate m(11).
2
Let s(a) = 2*a**2 + 7*a + 11. Calculate s(-5).
26
Let v(n) = -4*n + 21. Determine v(0).
21
Let o(m) = -m - 52. Calculate o(-29).
-23
Let d(u) = u**3 - 10*u**2 - 12*u + 4. Give d(11).
-7
Let i(h) = h**2 - 7*h - 16. Determine i(8).
-8
Let t(k) = -k**2 - 2. Give t(2).
-6
Let j(r) = -r - 12. What is j(-15)?
3
Let k(u) = u**3 - 2*u**2 - u. Give k(2).
-2
Let b(r) = -5*r - 44. Determine b(0).
-44
Let d(z) = -2*z**2 + 31*z - 54. Give d(21).
-285
Let c(s) = -5*s - 29. Give c(-7).
6
Let n(s) = -4*s - 115. Give n(-30).
5
Let j(c) = -c**3 - 23*c**2 + 22*c - 35. Determine j(-24).
13
Let f(s) = s**3 + 14*s**2 - 17. Determine f(-14).
-17
Let m(n) = -2*n + 8. Give m(-8).
24
Let n(m) = m**3 - 8*m**2 + 6*m + 3. Calculate n(7).
-4
Let m(x) = x**2 + x - 2. Calculate m(-4).
10
Let j(i) = -2*i + 13. Calculate j(7).
-1
Let f(y) = 4*y - 2. What is f(4)?
14
Let l(r) = r**2 - 5*r - 6. Calculate l(6).
0
Let g(y) = -2*y**2 - y + 3. What is g(-2)?
-3
Let b(n) = -2*n - 40. Calculate b(-16).
-8
Let l(y) = -18*y - 147. What is l(-8)?
-3
Let g(n) = 2*n**3 + 5*n**2 + 3*n + 4. Determine g(-3).
-14
Let m(t) = -16*t + 496. Calculate m(31).
0
Let x(c) = -47*c + 2. What is x(-1)?
49
Let o(p) = 6*p - 3. Calculate o(4).
21
Let n(m) = 3*m - 37. Give n(17).
14
Let q(j) = j**2 - 10*j + 10. What is q(7)?
-11
Let c(u) = u**3 - 15*u**2 + 2*u + 15. Determine c(15).
45
Let p(z) = 2*z + 16. Give p(-16).
-16
Let r(l) = 7*l + 17. Determine r(-5).
-18
Let s(c) = c**2 - 18*c + 15. Give s(18).
15
Let o(b) = 13*b - 38. What is o(6)?
40
Let q(z) = 13*z**2 - z + 2. Determine q(2).
52
Let v(p) = p**2 + 13*p + 5. What is v(-11)?
-17
Let z(i) = -i**3 - 6*i**2 + 2*i + 5. Give z(-7).
40
Let y(u) = 2*u**3 + 28*u**2 - 30*u + 27. Give y(-15).
27
Let p(r) = -r**3 - 12*r**2 + 10*r + 17. Calculate p(-13).
56
Let k(a) = a + 2. Determine k(7).
9
Let v(r) = r**2 - r - 1. What is v(2)?
1
Let p(s) = -17*s + 14. Calculate p(1).
-3
Let l(o) = 25*o. Determine l(-2).
-50
Let t(f) = -f**2 + 7*f - 21. Give t(-10).
-191
Let d(f) = f**3 - 15*f**2 + 16*f + 15. Calculate d(14).
43
Let m(w) = 4*w - 93. Determine m(19).
-17
Let o(i) = -i**3 - 7*i**2 + 11*i - 6. Determine o(-8).
-30
Let g(q) = q**3 - 5*q**2 - 8*q - 10. Give g(7).
32
Let i(z) = -z**3 + 8*z**2 - 4*z - 5. Give i(7).
16
Let p(d) = -2*d**2 - 12*d + 12. What is p(-6)?
12
Let d(q) = -10*q + 105. Give d(10).
5
Let g(k) = -k**2 + 3*k. Calculate g(3).
0
Let z(s) = s + 1. What is z(9)?
10
Let r(i) = -i**2 - 13*i - 12. Give r(-11).
10
Let w(k) = -17*k**2 - 2. Give w(-3).
-155
Let k(i) = i + 9. Determine k(5).
14
Let r(l) = 17*l - 100. Determine r(5).
-15
Let q(h) = -h**3 + 3*h**2 + 12*h - 28. Calculate q(3).
8
Let w(b) = -6*b**2 + 2*b - 1. Give w(1).
-5
Let u(l) = -l + 2. Determine u(-8).
10
Let w(k) = k**3 + 22*k**2 - 24*k - 18. Give w(-23).
5
Let r(g) = g**3 + 8*g**2 + 8*g + 28. What is r(-7)?
21
Let d(t) = 76*t + 72. Determine d(-1).
-4
Let n(p) = p**3 - 5*p**2 - 5*p - 2. Give n(6).
4
Let c(a) = -2*a + 57. What is c(21)?
15
Let a(j) = -j**2 + 12*j - 11. Calculate a(10).
9
Let o(a) = -3*a - 72. Determine o(-17).
-21
Let u(x) = -6*x - 4. What is u(4)?
-28
Let b(z) = z**2 - 3*z + 3. What is b(2)?
1
Let s(i) = 4*i + 2. Calculate s(2).
10
Let y(s) = -s**3 + 2*s**2 + 3*s + 5. What is y(5)?
-55
Let y(b) = -2*b**2 + 21*b + 44. Give y(12).
8
Let n(k) = -k**2 + 30*k + 171. Give n(36).
-45
Let s(l) = -10*l**3 + l**2 - 2. Give s(-1).
9
Let d(r) = r**3 - 10*r**2 - 2*r - 5. Calculate d(10).
-25
Let v(o) = -4*o - 18. Calculate v(-7).
10
Let j(o) = -12*o + 110. Calculate j(11).
-22
Let p(x) = x + 3. What is p(-6)?
-3
Let s(y) = y**3 - 4*y**2 - 5*y - 5. What is s(5)?
-5
Let x(i) = -i**3 - 10*i**2 + i + 8. Determine x(-8).
-128
Let t(a) = -6*a**2 + 150*a + 4. Calculate t(25).
4
Let v(j) = -j**3 - 12*j**2 - 11*j - 130. What is v(-12)?
2
Let a(p) = -p**3 + 7*p**2 + 9*p - 7. Give a(8).
1
Let i(w) = -w**3 + 6*w**2 + 10*w + 17. Determine i(7).
38
Let t(d) = d**2 + 17*d + 13. What is t(-15)?
-17
Let h(z) = 33*z - 132. What is h(4)?
0
Let j(h) = h**3 - 3*h**2 + 2*h + 2. What is j(3)?
8
Let h(j) = j - 12. Give h(7).
-5
Let i(r) = 2*r + 19. Calculate i(0).
19
Let r(x) = x**3 - 8*x**2 + 11*x - 15. What is r(7)?
13
Let x(y) = -29*y**3 - y**2 + y. What is x(1)?
-29
Let i(t) = -5*t**2 - 17*t + 9. Determine i(-8).
-175
Let h(x) = -2*x + 5. Give h(10).
-15
Let n(p) = -6*p - 188. Determine n(-33).
10
Let p(j) = -j**2 + 15*j - 30. Determine p(13).
-4
Let p(h) = -h**2 - 4*h + 30. Give p(4).
-2
Let i(l) = l**3 + 8*l**2 - 5*l + 3. Determine i(-8).
43
Let y(c) = 2*c + 17. What is y(0)?
17
Let p(q) = -q + 8. What is p(11)?
-3
Let m(p) = -8*p - 16. Calculate m(-8).
48
Let q(i) = i**3 + 10*i**2 + 7*i - 21. Give q(-9).
-3
Let r(l) = l**3 - l**2 + l - 10. Give r(0).
-10
Let a(z) = 12*z**2 + z. Determine a(1).
13
Let o(l) = l**3 - l**2 - l - 28. What is o(0)?
-28
Let v(r) = r**2 + r - 33. What is v(-7)?
9
Let b(p) = -p**3 + 7*p**2 + 2*p + 42. What is b(8)?
-6
Let d(q) = q**3 - q**2 - q - 7. Determine d(3).
8
Let r(t) = -2*t - 3. What is r(-1)?
-1
Let p(y) = y - 15. Give p(-3).
-18
Let w(y) = y + 57. What is w(-6)?
51
Let v(q) = -3*q + 7. Calculate v(6).
-11
Let v(l) = -3*l - 1. What is v(-26)?
77
Let l(r) = -4*r - 2. Calculate l(-3).
10
Let m(k) = k**3 + 13*k**2 + 40*k + 11. Calculate m(-9).
-25
Let j(i) = 6*i - 185. Calculate j(28).
-17
Let i(j) = -22*j - 19. Calculate i(-1).
3
Let r(m) = -m**2 + 22*m - 24. What is r(20)?
16
Let d(a) = a**2 + 7*a - 2. Determine d(-7).
-2
Let w(v) = v**2 - 4*v - 28. Determine w(9).
17
Let u(h) = 2*h**2 - 4*h - 1. Give u(6).
47
Let a(v) = 41*v - 251. Determine a(6).
-5
Let a(j) = j**3 - 8*j**2 + 7*j - 2. Calculate a(7).
-2
Let q(b) = 17*b + 31. Determine q(-3).
-20
Let z(h) = h**2 - 11*h + 4. Calculate z(11).
4
Let i(r) = -r**3 - 8*r**2 - 5*r - 1. What is i(-7)?
-15
Let y(i) = i**3 - 6*i**2 - 3*i - 18. What is y(6)?
-36
Let g(l) = 9*l + 33. Determine g(-6).
-21
Let d(r) = 35*r + 197. Give d(-6).
-13
Let w(v) = -v**2 + 10*v - 5. Calculate w(9).
4
Let z(q) = -q**2 + 8*q - 9. Calculate z(4).
7
Let a(i) = -4*i**2 - 23*i - 12. Determine a(-5).
3
Let c(m) = 2*m - 11. Calculate c(4).
-3
Let y(v) = v**3 - 6*v**2 + 18*v - 49. Determine y(5).
16
Let h(c) = c**2 - 27*c + 141. Give h(7).
1
Let k(y) = 5*y + 25. Determine k(-7).
-10
Let q(w) = -2*w - 6. Calculate q(-14).
22
Let m(x) = x**3 - 11*x**2 + 11*x + 5. Give m(10).
15
Let r(f) = -14*f + 99. Calculate r(8).
-13
Let h(g) = g**2 - 14*g + 35. Give h(9).
-10
Let t(b) = 2*b**3 + 14*b**2 + 11*b + 5. Calculate t(-6).
11
Let p(d) = -d**3 + 4*d**2 - d + 5. Give p(4).
1
Let r(z) = 2*z**2 + 29*z - 3. What is r(-14)?
-17
Let r(h) = -9*h + 18. What is r(0)?
18
Let d(i) = -i**2 - 6*i + 6. Determine d(-3).
15
Let h(s) = s + 9. What is h(15)?
24
Let j(r) = -26*r + 172. Give j(9).
-62
Let v(y) = -y**3 - 17*y**2 + 17*y - 20. Determine v(-18).
-2
Let p(x) = 2*x**2 + 15*x. Calculate p(-7).
-7
Let m(s) = 5*s - 55. Give m(8).
-15
Let s(y) = y**3 - 3*y**2 - 2*y + 4. Calculate s(2).
-4
Let f(r) = r + 15. What is f(-4)?
11
Let f(y) = 3*y - 24. Give f(19).
33
Let z(y) = -11*y**3 + 2*y**2 - 2*y + 1. What is z(1)?
-10
Let d(u) = u**3 - 7*u**2 - 18*u - 5. Give d(9).
-5
Let c(i) = -i**3 + 4*i**2 + 5*